*y**2 + 232*y + 3879. What is h(-53)?
10
Let g(a) = -61149*a + 1222974. Determine g(20).
-6
Let w(m) = 26*m**3 - 13270*m**2 + 5098*m + 1024. Give w(510).
4
Let b(q) = q**3 + 58*q**2 + 102*q - 650. Give b(-56).
-90
Let y(o) = -24*o**2 + 41*o + 926. Determine y(-12).
-3022
Let x(z) = -z**2 + 29888*z + 149470. What is x(-5)?
5
Let v(x) = -44*x + 15873. Calculate v(362).
-55
Let s(m) = -m**3 + 17*m**2 + 130*m + 200. Determine s(24).
-712
Let x(c) = c**2 + 576*c + 76127. Calculate x(-370).
-93
Let j(l) = 85673*l + 171347. Determine j(-2).
1
Let j(a) = -3*a**2 + 85*a + 282. Determine j(29).
224
Let f(i) = i**2 + 761*i + 59754. Determine f(-672).
-54
Let b(p) = 2*p**3 + 580*p**2 + 6123*p - 4130. Give b(-279).
55
Let r(c) = 10*c**2 + 287*c + 164. Give r(-31).
877
Let m(x) = 4*x**2 + 19*x + 107. Calculate m(11).
800
Let s(f) = -12*f**2 + 282*f - 3862. Calculate s(14).
-2266
Let l(j) = -95*j**2 - 1157*j - 2592. What is l(-9)?
126
Let y(k) = -531652*k - 3721546. Give y(-7).
18
Let a(g) = -g**3 - 53*g**2 + 74*g - 237. Calculate a(-55).
1743
Let n(u) = -273*u + 43287. Give n(156).
699
Let g(d) = -d**3 + 19*d**2 + 135*d - 2450. Give g(15).
475
Let v(l) = -l**2 - 104*l + 25179. Calculate v(-219).
-6
Let w(a) = -51737*a - 2379896. What is w(-46)?
6
Let g(z) = -4913*z + 63899. What is g(13)?
30
Let h(c) = -260*c - 2125. What is h(-7)?
-305
Let i(x) = -416*x - 69470. Calculate i(-172).
2082
Let r(x) = -5*x**2 - 575*x - 689. Give r(-112).
991
Let r(k) = -4*k**3 + 47*k**2 + 483*k - 5436. Determine r(13).
-2
Let g(l) = -2*l**3 + 39*l**2 - 7*l + 57. Determine g(18).
903
Let m(f) = f**3 - 86*f**2 + 1199*f - 9513. Calculate m(71).
1
Let w(n) = -3*n**2 - 1880*n + 65308. What is w(33)?
1
Let q(m) = -m**3 + 367*m**2 - 414*m - 115313. What is q(365)?
27
Let f(t) = -2*t**3 + 147*t + 1218. Calculate f(-7).
875
Let f(m) = 356*m**2 + 49842*m + 719. Determine f(-140).
439
Let g(x) = -250*x**2 + 1281*x - 167. Calculate g(5).
-12
Let h(n) = 327*n + 15285. What is h(-47)?
-84
Let i(m) = 6*m**2 + 1446*m + 86020. Determine i(-134).
-8
Let s(l) = l**3 + 60*l**2 + 425*l + 609. Give s(-52).
141
Let h(s) = -s**3 - 335*s**2 + 335*s - 397. Determine h(-336).
-61
Let y(g) = 5167*g + 103320. What is y(-20)?
-20
Let p(j) = 24*j**3 - 135*j**2 - 17*j + 61. Calculate p(5).
-399
Let q(d) = 22*d**2 - 199*d - 1299. Determine q(14).
227
Let b(g) = 125*g - 510. Give b(0).
-510
Let l(f) = -2*f**2 - 92*f + 334. What is l(-29)?
1320
Let g(l) = 8*l**3 + 123*l**2 - 93*l - 229. Give g(-16).
-21
Let m(c) = -226796*c + 3401938. Calculate m(15).
-2
Let i(f) = -3963*f - 2830. What is i(0)?
-2830
Let y(a) = a**3 - 54*a**2 - 2125*a + 114869. Calculate y(54).
119
Let z(p) = 21*p**2 - 1409*p + 8875. Determine z(60).
-65
Let l(n) = 7*n**3 + 46*n**2 - 114*n - 838. Calculate l(-6).
-10
Let u(c) = c**2 - 207*c - 421. Determine u(-2).
-3
Let f(n) = -91*n + 2941. What is f(42)?
-881
Let t(z) = 522*z + 3512. What is t(-9)?
-1186
Let i(t) = 3*t**3 + 6*t**2 + 177*t - 382. Give i(2).
20
Let a(v) = 2*v**2 - 186*v - 1080. What is a(-6)?
108
Let m(g) = -2*g**2 + 1261*g - 11236. Calculate m(9).
-49
Let k(l) = -261*l**2 + 1014*l - 7. Calculate k(4).
-127
Let w(j) = 2*j**3 + 259*j**2 - 250*j - 15600. Determine w(-130).
0
Let q(v) = -6146*v - 147961. Determine q(-24).
-457
Let w(q) = 104*q**2 + 36*q - 54. What is w(3)?
990
Let j(g) = -16*g**2 + 1408*g + 26666. Determine j(-16).
42
Let q(d) = 341*d**2 + 18412*d - 96. What is q(-54)?
12
Let x(a) = -3*a**2 - 165*a + 2633. Calculate x(-68).
-19
Let q(a) = 4*a**2 + 221*a + 1244. What is q(-11)?
-703
Let a(i) = i**3 + 441*i**2 + 524*i + 231108. Determine a(-441).
24
Let x(s) = -64*s + 10096. What is x(110)?
3056
Let i(u) = 7704*u - 200274. Determine i(26).
30
Let t(l) = l**3 - 14*l**2 + 749*l - 15976. What is t(19)?
60
Let k(l) = -36*l**3 - 577*l**2 - 19*l - 46. Give k(-16).
2
Let w(k) = 25*k**3 - 232*k**2 + 50*k - 92. Calculate w(9).
-209
Let m(s) = s**3 + 80*s**2 + 503*s + 20964. Give m(-77).
20
Let w(r) = r**2 - 35*r - 880. What is w(48)?
-256
Let u(z) = z**2 - 43*z - 1374. What is u(77)?
1244
Let g(k) = 274*k + 3512. What is g(-13)?
-50
Let h(b) = -b**2 + 480*b - 38368. Calculate h(378).
188
Let a(f) = f**3 + 16*f**2 - 6*f - 520. What is a(-7)?
-37
Let h(u) = -u**3 - 20*u**2 - 6488*u - 44781. Determine h(-7).
-2
Let h(i) = -i**3 - 132*i**2 + 847*i + 2774. Determine h(-138).
152
Let x(p) = 151*p**2 - 51487*p - 1365. What is x(341)?
-1
Let w(h) = -3*h**3 + 103*h**2 + 177*h - 71. Determine w(36).
-179
Let s(z) = -z**3 + 615*z**2 - 5196*z + 206385. What is s(607)?
5
Let w(z) = z**2 + 536*z + 59279. Calculate w(-380).
-1
Let d(n) = 3*n**3 + 34*n**2 + 271*n + 1604. Give d(-8).
76
Let f(m) = 7*m**3 + 131*m**2 + 206*m + 132. Give f(-17).
98
Let u(r) = -170*r - 4070. Determine u(-28).
690
Let d(z) = z**3 + 14*z**2 - 25*z - 208. Give d(-15).
-58
Let t(f) = -2*f**3 - 1263*f**2 - 75647*f - 265. Determine t(-67).
3
Let l(b) = 285*b**2 + 115991*b - 1643. Calculate l(-407).
-15
Let a(l) = -149345*l - 1194758. What is a(-8)?
2
Let s(v) = 114*v**3 + 3649*v**2 + 32*v - 13. What is s(-32)?
-13
Let x(a) = 9396*a + 65500. What is x(-7)?
-272
Let x(q) = -18883*q + 264381. Calculate x(14).
19
Let x(v) = 1539*v - 15686. Calculate x(11).
1243
Let v(c) = -388*c**2 + 10874*c + 57. Calculate v(28).
337
Let j(k) = -180*k - 3007. What is j(-18)?
233
Let b(t) = -334*t - 15575. What is b(-47)?
123
Let t(u) = -1666*u - 6723. What is t(-4)?
-59
Let l(g) = 370*g + 13855. Calculate l(-38).
-205
Let q(x) = 2*x**3 - 81*x**2 - 119*x + 139. Determine q(42).
433
Let p(v) = -v**2 - 348*v + 8558. What is p(23)?
25
Let b(g) = 12*g**2 + 291*g + 1. Determine b(-32).
2977
Let q(p) = 132*p**3 - 3587*p**2 + 623*p - 64. Give q(27).
-10
Let k(d) = 599*d - 6103. Determine k(11).
486
Let j(a) = -a**3 + 8*a**2 - 342*a + 2695. Determine j(8).
-41
Let r(z) = -11097*z + 99875. Determine r(9).
2
Let s(v) = -8*v**3 - 344*v**2 - 2235*v + 174. Calculate s(-35).
-1
Let j(k) = 4*k**3 - 390*k**2 - 191*k - 491. What is j(98)?
-1
Let s(o) = 12*o**2 + 3154*o + 5724. What is s(-261)?
-18
Let o(p) = -68*p**3 + 21*p**2 - 11*p + 25. Give o(3).
-1655
Let w(d) = -d**2 + 89*d - 308. Determine w(85).
32
Let u(z) = 12*z**3 + 72*z**2 + 3*z + 40. Determine u(-8).
-1520
Let n(x) = -13*x**3 + 5*x**2 - 9655*x + 9654. Give n(1).
-9
Let g(s) = -12*s**3 - 28*s**2 + 115*s - 45. Determine g(4).
-801
Let o(v) = 139*v**2 + 746*v - 1495. Determine o(2).
553
Let h(d) = 16*d**2 - 2791*d - 143641. Determine h(216).
-1
Let v(h) = -h**2 - 207*h - 7364. Give v(-151).
1092
Let w(s) = 515*s**2 + 5198*s - 9. Give w(-10).
-489
Let u(n) = 1052*n - 20002. Determine u(19).
-14
Let t(j) = -j**3 - 5*j**2 - 5927*j + 23733. Calculate t(4).
-119
Let p(i) = -i**3 - 5*i**2 + 46*i + 435. Determine p(-13).
1189
Let z(o) = -1512*o + 7342. Give z(6).
-1730
Let t(g) = 224*g + 10123. Determine t(-43).
491
Let k(x) = -1393*x - 2927. Determine k(-2).
-141
Let x(v) = 1320081*v - 14520902. Calculate x(11).
-11
Let q(z) = 22*z**3 + 1101*z**2 + 1826*z + 88790. Determine q(-50).
-10
Let z(c) = 39*c**2 - 23991*c + 3717. Calculate z(615).
27
Let u(n) = -2*n**2 + 789*n - 6521. Determine u(386).
41
Let s(c) = c**3 + 5*c**2 - 82*c + 48. What is s(0)?
48
Let a(u) = -25*u**2 - 3051*u + 9170. Determine a(-125).
-80
Let i(c) = -338*c**2 + 1064*c - 146. Determine i(3).
4
Let w(x) = -2368*x - 22907. Give w(-12).
5509
Let w(t) = -2*t**3 + 36*t**2 - 79*t - 18. Give w(15).
147
Let i(c) = 3*c**2 - 4409*c - 261052. What is i(-57)?
8
Let g(i) = -4255*i - 1191423. What is g(-280)?
-23
Let b(x) = -53*x + 1877. Give b(35).
22
Let z(t) = 10*t**3 - 2*t**2 - 32*t - 88. Give z(-5).
-1228
Let d(u) = -60678*u - 546091. Calculate d(-9).
11
Let v(h) = -314192*h - 5655445. Calculate v(-18).
11
Let k(s) = -2965*s + 548394. Determine k(185).
-131
Let c(w) = w**3 - 2*w**2 - 2035*w + 2038. Give c(1).
2
Let z(m) = 152123*m - 3346696. Calculate z(22).
10
Let o(g) = 62*g**3 + 343*g**2 - 997*g - 7. Give o(3).
1763
Let h(n) = -1516*n - 67081. What is h(-44)?
-377
Let v(s) = 15*s**2 - 93*s - 472. What is v(-11)?
2366
Let a(x) = -3*x**2 - 3*x + 300. What is a(-22)?
-1086
Let y(p) = 20*p**3 - 477*p**2 + 481*p - 1. Calculate y(1).
23
Let w(i) = 401*i**2 - 332*i - 337. Give w(-1).
396
Let v(t) = t**3 - 91*t**2 - 1330*t - 2314. What is v